+ 126. What is the tens digit of m?
4
Suppose -s + 8 = 3*s. Suppose 2*h = h - 3*f + 4, -5*h = -s*f - 20. Suppose 0 = h*o - o - 6. What is the units digit of o?
2
Let t be -1 - (2 + -3) - 12. What is the units digit of 9*t/(-9)*1?
2
Suppose p + 3*z + 4 - 19 = 0, 2*z = -3*p + 80. What is the units digit of p?
0
What is the units digit of (-2)/8 - 1608/(-32)?
0
Let i = 38 - -256. What is the units digit of i?
4
Suppose 3*k + 0*k = -3*m + 150, 0 = k - 5*m - 68. Suppose 4*q = k + 67. What is the tens digit of q?
3
Suppose 22 = l - 0*l. Let b = l + -10. What is the units digit of b?
2
Suppose 1 - 129 = -2*z. What is the tens digit of z?
6
Suppose 0 = -4*t + 5 + 55. Let o = t - 8. What is the units digit of o?
7
Suppose 0*b - 2*b + 8 = 0. Let a = -68 + 68. Suppose a = i - b*i + 51. What is the tens digit of i?
1
Suppose 2*t = 4*c + 5*t + 15, c - 4*t + 18 = 0. What is the units digit of -2*3/4*c?
9
Let m(y) = -y**3 + 11*y**2 - 11*y - 3. Let n be m(9). What is the units digit of (-2 + 5)/(9/n)?
0
Suppose 0 - 12 = -3*y. Suppose y*i - i = 51. Suppose -5*h = -i - 3. What is the units digit of h?
4
Suppose 0 = -r - 2*y - 0*y + 13, 3*r - 39 = -5*y. Suppose -3*s + r = 1. Suppose -s*f + 106 - 34 = 0. What is the units digit of f?
8
Let t(w) = w**2 + 6*w + 1. What is the units digit of t(-10)?
1
Let u(t) = 3*t**2 - 3*t + 2. Let c be u(3). Let s = -6 + c. What is the units digit of s?
4
Let y = 10 + -5. Suppose -5*g = 2*c - 3, -17 = -y*c + 4*g + 7. What is the units digit of c/(1/4*2)?
8
Let y = 88 + -62. Suppose 0 = 4*h + y + 10. Let l = h + 16. What is the units digit of l?
7
Suppose -4*i + u + 14 = 0, u = i - 1 - 1. Let k = i + -3. Suppose 3*b - 20 - k = 0. What is the units digit of b?
7
Suppose 0 = -2*z + 49 + 251. Suppose 11*m - z = 6*m. What is the units digit of m?
0
Suppose -5*p + 28 = -4*p + 2*g, 5*g + 20 = 0. What is the tens digit of p?
3
Suppose 3*d + 5*h = -23, -3*d - 2*h + 37 = -6*d. Let k = 20 + d. What is the units digit of k?
9
Let y be 6/(-10) - (-54)/15. Let o = y - 2. What is the units digit of o?
1
What is the tens digit of 843/9 - (-1)/3?
9
Let m(h) = 4*h**3 + 7*h**2 + 4*h + 15. Let o(i) = i**3 + i + 1. Let w(x) = m(x) - 5*o(x). What is the units digit of w(7)?
3
Let j(i) = -i**3 - i**2 + 27. What is the units digit of j(0)?
7
Let o = 3 - 1. Suppose -36 - 29 = -5*d - n, -o*n + 58 = 4*d. What is the tens digit of d?
1
Let i = 0 - -4. Let w be 17/2 - 2/i. Suppose 0 = -a + w - 2. What is the units digit of a?
6
Let c = 1 - 3. Let z be c/4 - 93/(-6). Suppose 3*j + 3*l - z = 6*l, 0 = -l - 3. What is the units digit of j?
2
Let z(g) = 10*g**3 - 2*g**2 - 3*g + 3. What is the units digit of z(2)?
9
Let z(v) be the second derivative of v**4/12 + v**2 + 3*v. What is the units digit of z(0)?
2
Suppose -2 - 8 = -2*m. Suppose z - 4*d = 32, -d + 111 = m*z - z. What is the tens digit of z?
2
Let o(l) = -l**3 + 20*l**2 - 13*l + 19. What is the hundreds digit of o(19)?
1
Suppose 3 = -3*u, -4*g = -2*g + 4*u + 20. Let k = 4 + g. What is the units digit of 7 + k + 2 + 1?
6
Suppose 0*w - 4*w = 0. Let z(h) = w - 2*h - 1 + 3*h. What is the units digit of z(4)?
3
Suppose x = 2*x. Let k = 12 + x. What is the tens digit of k?
1
Let w(m) = -m**3 + 6*m**2 + 11*m - 12. What is the tens digit of w(-6)?
5
Let z(d) = 2*d**3 - 8*d**2 - 2*d - 8. Let q be z(6). Suppose 3*b = -b + q. What is the units digit of b?
1
What is the tens digit of ((-3)/(-2) + 0)*(-416)/(-12)?
5
Let b = 89 + 42. What is the units digit of b?
1
Let z = -11 - -23. Let q = -31 + z. Let x = -6 - q. What is the tens digit of x?
1
Let r = -7 - -13. Let l = r - 5. What is the units digit of l?
1
Let q be (-2)/(3 - 33/9). Let r(f) = -f**2 + 4*f + 2. What is the units digit of r(q)?
5
Suppose -20 = 4*y - 0*y. Let s = y + 8. What is the units digit of s?
3
Suppose n = 64 - 19. Suppose n - 13 = 4*a. What is the units digit of a?
8
Suppose 0 = -4*f - 6 + 46. Suppose 4*c - 4*k = 6*c - 4, -5*c - 4*k + f = 0. Suppose -c = -g - 0. What is the units digit of g?
2
Suppose 0*g = -4*g - 4. Let i be -6*g*2/4. What is the units digit of (-5)/((-1)/(-2 + i))?
5
Let s(m) = -8*m + 9. Let n(q) = 4*q - 4. Let v(d) = 5*n(d) + 2*s(d). Suppose 6 = -0*p + p. What is the units digit of v(p)?
2
Let v = -4 + 6. Suppose -v - 10 = -3*t. Suppose -3*d + 0*o = t*o - 46, 8 = 2*o. What is the units digit of d?
0
Let t = 9 + -5. Suppose d + 2*o - t = 0, -5*d - o + 16 = -d. Suppose -x - d = -3*x. What is the units digit of x?
2
Let i(h) = -8*h - 7. What is the units digit of i(-4)?
5
Suppose 0 = 4*p - 32 - 28. What is the tens digit of p/10*56/6?
1
What is the tens digit of 32 - -3*(-8)/(-6)?
3
Let l = 16 - -54. What is the tens digit of l?
7
Let h(v) = -81*v**3 + 2*v**2 - 1. What is the units digit of h(-1)?
2
Suppose -9*k + 5 = -4*k. What is the units digit of k?
1
Suppose -4*p = -3 - 5. Suppose -5*w - p*b = -77, -b = 2*w - 30 - 1. What is the units digit of w?
5
Let k(l) = -l + 13. Let z be k(13). Suppose z = 5*g + 312 + 38. What is the units digit of g/(-4) - 1/(-2)?
8
Let k(f) = -f**3 - 4*f**2 + 7*f - 1. What is the tens digit of k(-7)?
9
Let k = 10 + 4. Suppose 3*p - 105 = -2*p. Let g = p - k. What is the units digit of g?
7
Suppose -5*j + 68 = 4*p, j = -3*p + 2*p + 14. What is the tens digit of j?
1
Let z(n) = -n**2. Let j be z(-3). Let u be (2 + j)/(2/(-2)). Suppose -3*m - 5*v = -18, m + v - u = -3*m. What is the units digit of m?
1
Let d = -5 - -6. Let m = d - -3. Let q = -1 + m. What is the units digit of q?
3
Let w be 22/8 + 7/28. Suppose 0 = -2*t - w*t + 25. What is the units digit of t?
5
Suppose -1001 = -7*x + 1106. What is the hundreds digit of x?
3
Suppose 3*m + 15 = 0, 5*z - 4*z - 112 = -m. What is the hundreds digit of z?
1
Let p(i) = i**3 + 23*i**2 - 54*i + 38. What is the tens digit of p(-25)?
3
Suppose 2*b - 34 = 4*g, -3*g + g = 4*b - 78. What is the tens digit of b?
1
Suppose -16 = -3*n + 29. What is the tens digit of n?
1
Let x(a) = 11*a + 1. Let z be x(-1). Let y be 6/15 - 96/z. Suppose 0 = -2*w + 4*s - 2*s + y, 12 = -4*s. What is the units digit of w?
2
Let w(j) = j**2 - 4*j - 36. What is the units digit of w(10)?
4
What is the units digit of ((-4)/24*-2)/(1/102)?
4
What is the tens digit of -1 + 22 - (0 - -4)?
1
Suppose 21 + 0 = 3*q. Suppose -2*v + q = -17. What is the units digit of v?
2
Let k = 224 - 137. What is the units digit of k?
7
Let g(p) = -p**3 + 3*p**2 + 2*p - 1. Let r be g(3). Suppose r*w + 4 = -16. Let h = 7 + w. What is the units digit of h?
3
What is the tens digit of 10/30 + (-152)/(-3)?
5
Let f = -5 - -3. Let p = -2 - f. Suppose -3*b - 8 + 32 = p. What is the units digit of b?
8
Let f = 7 + -3. Suppose 16 = 4*a - o, -f*a = -0*a - 2*o - 20. Suppose -3*h = 2*y - 3*y - a, -3*h = -3*y + 3. What is the units digit of h?
2
Let w(u) be the first derivative of -u**4/12 - u**3/6 + 5*u**2/2 - 2*u + 1. Let q(t) be the first derivative of w(t). What is the units digit of q(0)?
5
Let c(y) = y**2 + 2*y - 3. Let a be c(-4). Suppose 0 = -4*v + 2*p + 14, a*v - 23 = 3*p - 6*p. Suppose 0 = v*r - 16. What is the units digit of r?
4
Let u be 1 + 9 - 2 - -3. Let o(h) = 2*h - 5. Let t be o(u). Suppose -t = -4*s + 11. What is the units digit of s?
7
Suppose -3*b + 46 = -4*v + 12, v = -4. Let x = b + 0. Let t = 10 - x. What is the units digit of t?
4
What is the units digit of (-4148)/(-14) - 28/98?
6
Suppose -2*w + 4*w - 76 = 0. What is the tens digit of w?
3
Let r be -3*(-1)/((-3)/3). Let j be (3/(-2))/(r/6). Suppose 40 = j*d + d. What is the tens digit of d?
1
Suppose 3*h + t = 12, 0 = -2*h + h + t. What is the units digit of h?
3
Let i(w) = 18*w - 11. What is the tens digit of i(7)?
1
Let p(n) be the first derivative of -n**2/2 - 3*n - 2. Let w be p(-6). Suppose w*j - 8 = j. What is the units digit of j?
4
Suppose -o = -4*t - 43, 2*o - 2*t - 146 = -42. What is the tens digit of o?
5
Let c(f) = f**3 - 14*f**2 - 25*f + 31. What is the hundreds digit of c(16)?
1
Let g(r) = 3*r**2 + r + 2. Let f be g(2). What is the tens digit of f/4*(3 + 3)?
2
Let l = 4 - 2. Suppose s - 3 = -l*s. What is the units digit of s?
1
Suppose -10*j = -7*j - 102. What is the units digit of j?
4
Let x(b) = 91*b + 16. What is the units digit of x(2)?
8
Let s be 66/4*4/6. Suppose -6*d + 2*d = -3*i + s, 0 = -2*i + 3*d + 7. What is the units di